multiple of 184?
False
Does 11 divide 270821782?
True
Is 33 a factor of 290184135?
False
Is 772980293 a multiple of 127?
True
Is 434428152 a multiple of 12?
True
Is 8 a factor of 40589341?
False
Is 1192 a factor of 6102482144?
True
Is 202 a factor of 11430574?
True
Is 555753154 a multiple of 646?
True
Is 14 a factor of 713128906?
True
Is 43153890 a multiple of 7?
False
Is 378 a factor of 32534066?
False
Does 44 divide 46523632?
False
Does 589 divide 69722286?
True
Is 16237656 a multiple of 36?
True
Does 27 divide 811474416?
True
Does 491 divide 1394211809?
False
Does 20 divide 235662474?
False
Is 1771684958 a multiple of 52?
False
Is 1756 a factor of 85259000?
False
Is 3 a factor of 1451961?
True
Is 25 a factor of 899307925?
True
Does 166 divide 9787007?
False
Does 43 divide 620076641?
True
Is 1169 a factor of 98399406?
True
Is 46110041 a multiple of 24?
False
Does 347 divide 154391727?
False
Is 2365 a factor of 3718593560?
True
Does 31 divide 2326481193?
False
Is 4917 a factor of 1344976512?
True
Is 2786617868 a multiple of 732?
False
Does 30 divide 282287910?
True
Does 227 divide 396190364?
True
Does 942 divide 1343557749?
False
Does 276 divide 36681780?
True
Is 822 a factor of 441696338?
False
Is 1637 a factor of 53222144?
True
Does 55 divide 1459999750?
True
Does 64 divide 1785152?
True
Is 510705398 a multiple of 119?
True
Is 472 a factor of 1122664744?
True
Is 732 a factor of 561225864?
True
Is 2158 a factor of 13578136?
True
Is 87248377 a multiple of 148?
False
Is 1604958 a multiple of 269?
False
Does 3091 divide 2474336227?
True
Is 60 a factor of 963267180?
True
Does 5305 divide 290264752?
False
Is 46 a factor of 3190072128?
False
Is 22 a factor of 434086?
False
Does 17 divide 14224667?
False
Is 1465 a factor of 44887472?
False
Is 46016227 a multiple of 43?
False
Does 76 divide 209608?
True
Is 928231829 a multiple of 370?
False
Is 543245293 a multiple of 121?
False
Is 402508505 a multiple of 6271?
False
Does 6 divide 1727934660?
True
Is 45 a factor of 65646270?
True
Is 204 a factor of 33763224?
True
Is 251 a factor of 4090774908?
True
Is 2561 a factor of 420288404?
False
Does 93 divide 844935?
False
Is 166782577 a multiple of 847?
False
Is 1228 a factor of 4622975?
False
Is 130 a factor of 488452394?
False
Does 2080 divide 1743570660?
False
Is 4423 a factor of 595339074?
False
Is 47 a factor of 11557851?
False
Is 132 a factor of 19910880?
True
Is 9 a factor of 74670444?
True
Does 19 divide 147010600?
True
Does 242 divide 2560220046?
False
Is 62 a factor of 306597962?
False
Is 2247458 a multiple of 10?
False
Is 150628 a multiple of 4?
True
Does 1050 divide 32600400?
True
Does 41 divide 19453229?
True
Does 62 divide 2268385382?
True
Is 27465328 a multiple of 22?
True
Does 8 divide 416849?
False
Is 53 a factor of 34926190?
False
Is 1450 a factor of 445818450?
True
Is 1682494542 a multiple of 9?
True
Is 58790105 a multiple of 58?
False
Is 6 a factor of 18421654?
False
Is 1001 a factor of 299037876?
False
Is 29766328 a multiple of 151?
True
Is 252 a factor of 912513420?
True
Does 321 divide 37876345?
False
Is 37 a factor of 46438147?
False
Is 27936467 a multiple of 23?
True
Does 458 divide 273426?
True
Does 833 divide 45649233?
True
Does 2 divide 50672094?
True
Is 806682747 a multiple of 871?
True
Is 114 a factor of 103507668?
True
Is 24031172 a multiple of 649?
True
Is 257326632 a multiple of 4824?
True
Is 461486 a multiple of 3?
False
Does 5437 divide 322006325?
True
Does 328 divide 14708058?
False
Does 37 divide 99147628?
False
Is 403207497 a multiple of 297?
True
Does 12 divide 237967?
False
Is 56452223 a multiple of 2227?
True
Is 211 a factor of 136048791?
True
Is 130109736 a multiple of 1454?
True
Is 84 a factor of 659493492?
True
Does 6 divide 1083736?
False
Is 1338 a factor of 1569922230?
True
Is 1070 a factor of 5908628652?
False
Is 171 a factor of 2722851240?
False
Does 287 divide 20876954?
True
Does 20 divide 19037673?
False
Is 21501308 a multiple of 13?
False
Is 2273 a factor of 909813710?
True
Is 264 a factor of 6925689?
False
Is 2046 a factor of 4699293720?
True
Does 3709 divide 22123073?
False
Is 399 a factor of 60356331?
True
Is 55 a factor of 697865813?
False
Is 53 a factor of 36422707?
False
Is 77 a factor of 5729416?
True
Is 1082 a factor of 153815883?
False
Is 47172631 a multiple of 11?
True
Does 44 divide 636915004?
True
Does 5725 divide 2734459437?
False
Is 2450645821 a multiple of 7442?
False
Is 48016402 a multiple of 1042?
True
Does 10 divide 17951001?
False
Is 931306100 a multiple of 10?
True
Does 160 divide 132397600?
True
Does 193 divide 347172678?
False
Does 46 divide 27964293?
False
Is 406 a factor of 5540158818?
False
Is 14 a factor of 5323258?
False
Is 2556 a factor of 343638864?
True
Does 807 divide 37890584?
False
Does 17 divide 75710361?
False
Does 1310 divide 132319170?
True
Is 94 a factor of 15570163?
False
Is 8 a factor of 172250096?
True
Is 9 a factor of 847190285?
False
Is 89 a factor of 81307908?
True
Is 408624922 a multiple of 541?
False
Is 4095588588 a multiple of 2163?
True
Does 21 divide 1641066273?
True
Does 152 divide 27809146?
False
Is 199373324 a multiple of 1681?
True
Is 45717177 a multiple of 143?
False
Does 332 divide 8140640?
True
Does 533 divide 48892623?
True
Is 19 a factor of 250117588?
False
Does 160 divide 31674240?
True
Is 48 a factor of 156138672?
True
Is 84 a factor of 6458508?
True
Does 330 divide 752451480?
True
Is 40 a factor of 9947869?
False
Does 29 divide 4766073?
False
Does 109 divide 3800045032?
False
Is 60800752 a multiple of 848?
True
Is 968 a factor of 124970736?
True
Is 995 a factor of 165531185?
True
Is 34 a factor of 24686229?
False
Is 31 a factor of 2249451976?
False
Does 45 divide 437584574?
False
Does 735 divide 700066185?
True
Does 299 divide 524731246?
True
Is 2007405470 a multiple of 14?
True
Is 313 a factor of 113450919?
True
Does 12 divide 358583094?
False
Is 705 a factor of 658866915?
True
Is 42 a factor of 383359176?
False
Is 29126980 a multiple of 862?
True
Is 18309321 a multiple of 81?
True
Is 59 a factor of 46051034?
True
Is 511 a factor of 684478135?
False
Is 6524178390 a multiple of 45?
True
Is 19 a factor of 755053007?
False
Does 556 divide 194572756?
True
Does 87 divide 129880038?
True
Does 137 divide 429519809?
False
Does 7 divide 58685972?
False
Is 305436273 a multiple of 5?
False
Does 9 divide 76278972?
False
Is 671 a factor of 469766946?
False
Does 128 divide 1284988?
False
Is 90 a factor of 22877100?
True
Does 342 divide 16014834?
True
Does 540 divide 7458908?
False
Is 450 a factor of 192631500?
True
Is 177372910 a multiple of 1562?
True
Is 7 a factor of 21502647?
False
Does 17 divide 135901458?
False
Does 1042 divide 686242774?
False
Does 245 divide 654845031?
False
Is 9226053 a multiple of 8?
False
Is 196751116 a multiple of 4?
True
Is 218 a factor of 85883809?
False
Is 69162306 a multiple of 403?
False
Is 1846359557 a multiple of 7?
True
Does 21 divide 187057394?
False
Is 49917822 a multiple of 124?
False
Is 135 a factor of 1267612019?
False
Is 18 a factor of 614617146?
True
Is 2357105726 a multiple of 41?
False
Does 1241 divide 666682574?
True
Is 1336644690 a multiple of 15?
True
Is 16 a factor of 1133324240?
True
Is 22456576 a multiple of 844?
False
Is 8 a factor of 344141672?
True
Is 1511593900 a multiple of 316?
True
Is 1406715840 a multiple of 365?
True
Is 148502754 a multiple of 723?
True
Is 171491126 a multiple of 31?
False
Is 317520385 a multiple of 17?
False
Is 759070400 a multiple of 430?
True
Is 45 a factor of 139510056?
False
Is 1076031 a multiple of 9?
True
Is 50112158 a multiple of 34?
True
Is 1752746784 a multiple of 7212?
True
Is 21 a factor of 5775408?
False
Is 293343178 a multiple of 31?
False
Is 2056847276 a multiple of 12?
False
Is 22 a factor of 76621057?
False
Is 63 a factor of 126240912?
True
Is 49726422 a multiple of 268?
False
Does 413 divide 83276770?
False
Is 37132737 a multiple of 372?
False
Is 151669995 a multiple of 981?
False
Does 40 divide 2499003920?
True
Is 2554241995 a multiple of 230?
False
Is 148293792 a multiple of 96?
True
Is 114793106 a multiple of 1783?
True
Is 7097 a factor of 118988302?
True
Does 36 divide 534750919?
False
Is 341863384 a multiple of 982?
False
Does 117 divide 289731663?
True
Is 81